 19, 83, 29101
List the prime factors of 345947728.
2, 7, 29, 43, 2477
List the prime factors of 614392671.
3, 61, 3357337
What are the prime factors of 116967287?
19, 6156173
What are the prime factors of 151568570?
2, 5, 15156857
List the prime factors of 28226145.
3, 5, 769, 2447
What are the prime factors of 297752751?
3, 33083639
What are the prime factors of 47329851?
3, 683, 23099
List the prime factors of 1942394417.
2141, 907237
What are the prime factors of 150521371?
7, 11, 13, 43, 269
What are the prime factors of 17084375?
5, 7, 11, 71
What are the prime factors of 208368933?
3, 593, 117127
What are the prime factors of 189372336?
2, 3, 71, 181, 307
List the prime factors of 19785162.
2, 3, 3297527
List the prime factors of 1799122656.
2, 3, 18740861
What are the prime factors of 82054664?
2, 43, 238531
List the prime factors of 2371535639.
11, 29, 1999, 3719
What are the prime factors of 188999913?
3, 953, 66107
What are the prime factors of 134895739?
11, 79, 155231
What are the prime factors of 67366589?
67366589
What are the prime factors of 4331808135?
3, 5, 1373, 70111
List the prime factors of 234022803.
3, 7, 107, 104149
List the prime factors of 1994511891.
3, 2309, 287933
List the prime factors of 202162837.
202162837
List the prime factors of 32050578.
2, 3, 7, 109, 7001
List the prime factors of 5788853170.
2, 5, 578885317
What are the prime factors of 3544587366?
2, 3, 590764561
What are the prime factors of 19607357?
7, 11, 149, 1709
What are the prime factors of 116214269?
9949, 11681
List the prime factors of 422900826.
2, 3, 73, 331, 2917
What are the prime factors of 50932022?
2, 25466011
List the prime factors of 6115967053.
7, 23, 269, 283, 499
What are the prime factors of 81332551?
81332551
What are the prime factors of 3039133093?
97, 31331269
What are the prime factors of 537726731?
163, 173, 19069
What are the prime factors of 549590098?
2, 8167, 33647
What are the prime factors of 733304204?
2, 2341, 78311
What are the prime factors of 66150920?
2, 5, 11, 150343
List the prime factors of 840093954.
2, 3, 7, 37, 349, 1549
List the prime factors of 2127271414.
2, 37, 89, 322999
List the prime factors of 438377533.
11, 3253, 12251
What are the prime factors of 27552513?
3, 9184171
What are the prime factors of 57174744?
2, 3, 11, 216571
What are the prime factors of 9308233?
11, 19, 44537
What are the prime factors of 68493569?
68493569
List the prime factors of 364067756.
2, 13, 43, 162821
What are the prime factors of 86881187?
29, 103307
What are the prime factors of 18444301?
41, 349, 1289
What are the prime factors of 33565501?
157, 439, 487
What are the prime factors of 68859057?
3, 61, 317, 1187
List the prime factors of 375544258.
2, 29, 2399, 2699
What are the prime factors of 35161929?
3, 11, 355171
List the prime factors of 5458663724.
2, 37, 43, 857741
What are the prime factors of 652149606?
2, 3, 9749, 11149
List the prime factors of 31780423.
859, 36997
List the prime factors of 469303166.
2, 101, 271, 8573
What are the prime factors of 71144053?
71144053
List the prime factors of 109058919.
3, 36352973
What are the prime factors of 913282703?
29, 101, 311807
What are the prime factors of 2069673264?
2, 3, 14372731
What are the prime factors of 5321232435?
3, 5, 19, 73, 255767
What are the prime factors of 115304601?
3, 5791, 6637
List the prime factors of 1556803388.
2, 7, 79, 103, 6833
List the prime factors of 147908261.
43, 937, 3671
List the prime factors of 88712337.
3, 7, 4224397
List the prime factors of 60884411.
7, 47, 26437
What are the prime factors of 16899690?
2, 3, 5, 239, 2357
List the prime factors of 497645567.
53, 1361, 6899
List the prime factors of 56868080.
2, 5, 710851
What are the prime factors of 139355791?
139355791
List the prime factors of 5680020904.
2, 331, 2145023
List the prime factors of 604572724.
2, 7, 479, 45077
What are the prime factors of 121414202?
2, 7, 13, 41, 53, 307
What are the prime factors of 572131671?
3, 41, 1697, 2741
List the prime factors of 10368301.
10368301
What are the prime factors of 41087568?
2, 3, 23, 37217
What are the prime factors of 668931316?
2, 223, 749923
What are the prime factors of 23846593?
23846593
What are the prime factors of 224012106?
2, 3, 12445117
What are the prime factors of 44670969?
3, 7, 31, 89, 257
List the prime factors of 627756652.
2, 37, 4241599
List the prime factors of 1715279216.
2, 7, 1997, 7669
List the prime factors of 326231405.
5, 37, 1763413
List the prime factors of 11184667.
13, 103, 8353
What are the prime factors of 384960572?
2, 149, 645907
What are the prime factors of 324188691?
3, 17, 6356641
List the prime factors of 1183737690.
2, 3, 5, 13152641
List the prime factors of 1066275233.
41, 199, 130687
List the prime factors of 129096332.
2, 23, 787, 1783
List the prime factors of 21987582.
2, 3, 641, 5717
What are the prime factors of 177390763?
11, 2473, 6521
What are the prime factors of 3372667119?
3, 373, 334889
List the prime factors of 672199335.
3, 5, 251, 59513
List the prime factors of 1491191909.
61, 24445769
List the prime factors of 40760242.
2, 20380121
List the prime factors of 149142209.
31, 1627, 2957
List the prime factors of 23520346.
2, 1823, 6451
What are the prime factors of 590468073?
3, 13, 19, 796853
List the prime factors of 13785714.
2, 3, 43, 1979
What are the prime factors of 30527651?
7, 11, 73, 5431
List the prime factors of 2372408862.
2, 3, 2971, 133087
What are the prime factors of 16023590?
2, 5, 11, 31, 37, 127
What are the prime factors of 310037832?
2, 3, 13, 139, 2383
List the prime factors of 99007071.
3, 89, 370813
What are the prime factors of 238203808?
2, 211, 35279
List the prime factors of 1006597714.
2, 23, 29, 31, 101, 241
List the prime factors of 53753623.
7, 11, 73, 131
What are the prime factors of 1512812267?
757, 1998431
What are the prime factors of 2221011982?
2, 7, 709, 223757
List the prime factors of 28388648.
2, 3548581
What are the prime factors of 5102889?
3, 11, 239, 647
List the prime factors of 105490659.
3, 149, 235997
List the prime factors of 61291197.
3, 11, 137, 4519
What are the prime factors of 213846428?
2, 47, 1137481
What are the prime factors of 67011655?
5, 1487, 9013
List the prime factors of 31851649.
113, 251, 1123
What are the prime factors of 148548087?
3, 509, 1201
List the prime factors of 47524192.
2, 167, 8893
What are the prime factors of 67161406?
2, 13, 2583131
List the prime factors of 226484590.
2, 5, 83, 131, 2083
List the prime factors of 1342344699.
3, 19, 23, 341303
What are the prime factors of 1350093336?
2, 3, 19, 97, 131, 233
What are the prime factors of 24139466?
2, 13, 23, 37, 1091
What are the prime factors of 379103777?
13, 89, 327661
What are the prime factors of 358379552?
2, 1087, 10303
What are the prime factors of 195959240?
2, 5, 4898981
What are the prime factors of 1811787848?
2, 13, 17421037
What are the prime factors of 801356168?
2, 100169521
What are the prime factors of 48951385?
5, 7, 1398611
What are the prime factors of 57433517?
109, 526913
List the prime factors of 61976847.
3, 83, 248903
List the prime factors of 712499058.
2, 3, 71, 83, 2239
What are the prime factors of 124829993?
23, 1087, 4993
List the prime factors of 81840642.
2, 3, 13, 1049239
List the prime factors of 78945990.
2, 3, 5, 2631533
List the prime factors of 641181324.
2, 3, 7, 7633111
What are the prime factors of 671612116?
2, 7, 229, 104743
List the prime factors of 227741247.
3, 8434861
What are the prime factors of 2393995412?
2, 41, 317, 46049
What are the prime factors of 1744429069?
20333, 85793
What are the prime factors of 48471916?
2, 12117979
List the prime factors of 19231335.
3, 5, 17, 23, 1093
List the prime factors of 324094022.
2, 7, 23149573
What are the prime factors of 211566971?
7, 11, 31, 61, 1453
List the prime factors of 450408114.
2, 3, 13, 31, 6899
List the prime factors of 352935877.
7, 131, 54983
What are the prime factors of 210489247?
210489247
What are the prime factors of 1263859413?
3, 223, 1889177
List the prime factors of 2668041772.
2, 11, 5512483
List the prime factors of 28988066.
2, 41, 337, 1049
List the prime factors of 1232037567.
3, 45631021
What are the 